{"id":297,"date":"2023-12-12T14:25:01","date_gmt":"2023-12-12T14:25:01","guid":{"rendered":"https:\/\/ferticentro.wpengine.com\/?page_id=297"},"modified":"2026-03-20T11:10:10","modified_gmt":"2026-03-20T11:10:10","slug":"test-genetique-preimplantatoire-pgta","status":"publish","type":"page","link":"https:\/\/www.procriar.pt\/fr\/traitements\/test-genetique-preimplantatoire-pgta\/","title":{"rendered":"Test g\u00e9n\u00e9tique pr\u00e9implantatoire (PGTA)"},"content":{"rendered":"\r\n<p><span style=\"font-weight: 400;\">Le test g\u00e9n\u00e9tique pr\u00e9implantatoire (PGT-A) est une technique de pointe utilis\u00e9e parall\u00e8lement \u00e0 la f\u00e9condation in vitro (FIV) qui permet d&rsquo;\u00e9valuer la constitution chromosomique des embryons avant leur implantation.<\/span><\/p>\r\n","protected":false},"excerpt":{"rendered":"<p>Le test g\u00e9n\u00e9tique pr\u00e9implantatoire (PGT-A) est une technique de pointe utilis\u00e9e parall\u00e8lement \u00e0 la f\u00e9condation in vitro (FIV) qui permet d&rsquo;\u00e9valuer la constitution chromosomique des embryons avant leur implantation.<\/p>\n","protected":false},"author":3,"featured_media":1342,"parent":300,"menu_order":0,"comment_status":"closed","ping_status":"closed","template":"","meta":{"_acf_changed":false,"footnotes":""},"class_list":["post-297","page","type-page","status-publish","has-post-thumbnail","hentry"],"acf":[],"yoast_head":"<!-- This site is optimized with the Yoast SEO plugin v27.5 - https:\/\/yoast.com\/product\/yoast-seo-wordpress\/ -->\n<title>Test g\u00e9n\u00e9tique pr\u00e9implantatoire (PGTA) - Procriar<\/title>\n<meta name=\"description\" content=\"Am\u00e9liorez votre FIV avec le test PGT: d\u00e9cisions \u00e9clair\u00e9es pour une grossesse saine. D\u00e9couvrez plus d\u00e8s aujourd&#039;hui!\" \/>\n<meta name=\"robots\" content=\"index, follow, max-snippet:-1, max-image-preview:large, max-video-preview:-1\" \/>\n<link rel=\"canonical\" href=\"https:\/\/www.procriar.pt\/fr\/traitements\/test-genetique-preimplantatoire-pgta\/\" \/>\n<meta property=\"og:locale\" content=\"fr_FR\" \/>\n<meta property=\"og:type\" content=\"article\" \/>\n<meta property=\"og:title\" content=\"Test g\u00e9n\u00e9tique pr\u00e9implantatoire (PGTA) - Procriar\" \/>\n<meta property=\"og:description\" content=\"Am\u00e9liorez votre FIV avec le test PGT: d\u00e9cisions \u00e9clair\u00e9es pour une grossesse saine. D\u00e9couvrez plus d\u00e8s aujourd&#039;hui!\" \/>\n<meta property=\"og:url\" content=\"https:\/\/www.procriar.pt\/fr\/traitements\/test-genetique-preimplantatoire-pgta\/\" \/>\n<meta property=\"og:site_name\" content=\"Procriar FR\" \/>\n<meta property=\"article:modified_time\" content=\"2026-03-20T11:10:10+00:00\" \/>\n<meta property=\"og:image\" content=\"https:\/\/www.procriar.pt\/fr\/wp-content\/uploads\/sites\/3\/2024\/05\/PGTA-iStock-1273016889.jpg\" \/>\n\t<meta property=\"og:image:width\" content=\"1200\" \/>\n\t<meta property=\"og:image:height\" content=\"798\" \/>\n\t<meta property=\"og:image:type\" content=\"image\/jpeg\" \/>\n<meta name=\"twitter:card\" content=\"summary_large_image\" \/>\n<meta name=\"twitter:label1\" content=\"Est. reading time\" \/>\n\t<meta name=\"twitter:data1\" content=\"1 minute\" \/>\n<script type=\"application\/ld+json\" class=\"yoast-schema-graph\">{\"@context\":\"https:\\\/\\\/schema.org\",\"@graph\":[{\"@type\":\"WebPage\",\"@id\":\"https:\\\/\\\/www.procriar.pt\\\/fr\\\/traitements\\\/test-genetique-preimplantatoire-pgta\\\/\",\"url\":\"https:\\\/\\\/www.procriar.pt\\\/fr\\\/traitements\\\/test-genetique-preimplantatoire-pgta\\\/\",\"name\":\"Test g\u00e9n\u00e9tique pr\u00e9implantatoire (PGTA) - Procriar\",\"isPartOf\":{\"@id\":\"https:\\\/\\\/www.procriar.pt\\\/fr\\\/#website\"},\"primaryImageOfPage\":{\"@id\":\"https:\\\/\\\/www.procriar.pt\\\/fr\\\/traitements\\\/test-genetique-preimplantatoire-pgta\\\/#primaryimage\"},\"image\":{\"@id\":\"https:\\\/\\\/www.procriar.pt\\\/fr\\\/traitements\\\/test-genetique-preimplantatoire-pgta\\\/#primaryimage\"},\"thumbnailUrl\":\"https:\\\/\\\/www.procriar.pt\\\/fr\\\/wp-content\\\/uploads\\\/sites\\\/3\\\/2024\\\/05\\\/PGTA-iStock-1273016889.jpg\",\"datePublished\":\"2023-12-12T14:25:01+00:00\",\"dateModified\":\"2026-03-20T11:10:10+00:00\",\"description\":\"Am\u00e9liorez votre FIV avec le test PGT: d\u00e9cisions \u00e9clair\u00e9es pour une grossesse saine. D\u00e9couvrez plus d\u00e8s aujourd'hui!\",\"breadcrumb\":{\"@id\":\"https:\\\/\\\/www.procriar.pt\\\/fr\\\/traitements\\\/test-genetique-preimplantatoire-pgta\\\/#breadcrumb\"},\"inLanguage\":\"fr-FR\",\"potentialAction\":[{\"@type\":\"ReadAction\",\"target\":[\"https:\\\/\\\/www.procriar.pt\\\/fr\\\/traitements\\\/test-genetique-preimplantatoire-pgta\\\/\"]}]},{\"@type\":\"ImageObject\",\"inLanguage\":\"fr-FR\",\"@id\":\"https:\\\/\\\/www.procriar.pt\\\/fr\\\/traitements\\\/test-genetique-preimplantatoire-pgta\\\/#primaryimage\",\"url\":\"https:\\\/\\\/www.procriar.pt\\\/fr\\\/wp-content\\\/uploads\\\/sites\\\/3\\\/2024\\\/05\\\/PGTA-iStock-1273016889.jpg\",\"contentUrl\":\"https:\\\/\\\/www.procriar.pt\\\/fr\\\/wp-content\\\/uploads\\\/sites\\\/3\\\/2024\\\/05\\\/PGTA-iStock-1273016889.jpg\",\"width\":1200,\"height\":798},{\"@type\":\"BreadcrumbList\",\"@id\":\"https:\\\/\\\/www.procriar.pt\\\/fr\\\/traitements\\\/test-genetique-preimplantatoire-pgta\\\/#breadcrumb\",\"itemListElement\":[{\"@type\":\"ListItem\",\"position\":1,\"name\":\"Home\",\"item\":\"https:\\\/\\\/www.procriar.pt\\\/fr\\\/\"},{\"@type\":\"ListItem\",\"position\":2,\"name\":\"D\u00e9couvrez nos traitements\",\"item\":\"https:\\\/\\\/www.procriar.pt\\\/fr\\\/traitements\\\/\"},{\"@type\":\"ListItem\",\"position\":3,\"name\":\"Test g\u00e9n\u00e9tique pr\u00e9implantatoire (PGTA)\"}]},{\"@type\":\"WebSite\",\"@id\":\"https:\\\/\\\/www.procriar.pt\\\/fr\\\/#website\",\"url\":\"https:\\\/\\\/www.procriar.pt\\\/fr\\\/\",\"name\":\"Procriar FR\",\"description\":\"\",\"inLanguage\":\"fr-FR\"}]}<\/script>\n<!-- \/ Yoast SEO plugin. -->","yoast_head_json":{"title":"Test g\u00e9n\u00e9tique pr\u00e9implantatoire (PGTA) - Procriar","description":"Am\u00e9liorez votre FIV avec le test PGT: d\u00e9cisions \u00e9clair\u00e9es pour une grossesse saine. D\u00e9couvrez plus d\u00e8s aujourd'hui!","robots":{"index":"index","follow":"follow","max-snippet":"max-snippet:-1","max-image-preview":"max-image-preview:large","max-video-preview":"max-video-preview:-1"},"canonical":"https:\/\/www.procriar.pt\/fr\/traitements\/test-genetique-preimplantatoire-pgta\/","og_locale":"fr_FR","og_type":"article","og_title":"Test g\u00e9n\u00e9tique pr\u00e9implantatoire (PGTA) - Procriar","og_description":"Am\u00e9liorez votre FIV avec le test PGT: d\u00e9cisions \u00e9clair\u00e9es pour une grossesse saine. D\u00e9couvrez plus d\u00e8s aujourd'hui!","og_url":"https:\/\/www.procriar.pt\/fr\/traitements\/test-genetique-preimplantatoire-pgta\/","og_site_name":"Procriar FR","article_modified_time":"2026-03-20T11:10:10+00:00","og_image":[{"width":1200,"height":798,"url":"https:\/\/www.procriar.pt\/fr\/wp-content\/uploads\/sites\/3\/2024\/05\/PGTA-iStock-1273016889.jpg","type":"image\/jpeg"}],"twitter_card":"summary_large_image","twitter_misc":{"Est. reading time":"1 minute"},"schema":{"@context":"https:\/\/schema.org","@graph":[{"@type":"WebPage","@id":"https:\/\/www.procriar.pt\/fr\/traitements\/test-genetique-preimplantatoire-pgta\/","url":"https:\/\/www.procriar.pt\/fr\/traitements\/test-genetique-preimplantatoire-pgta\/","name":"Test g\u00e9n\u00e9tique pr\u00e9implantatoire (PGTA) - Procriar","isPartOf":{"@id":"https:\/\/www.procriar.pt\/fr\/#website"},"primaryImageOfPage":{"@id":"https:\/\/www.procriar.pt\/fr\/traitements\/test-genetique-preimplantatoire-pgta\/#primaryimage"},"image":{"@id":"https:\/\/www.procriar.pt\/fr\/traitements\/test-genetique-preimplantatoire-pgta\/#primaryimage"},"thumbnailUrl":"https:\/\/www.procriar.pt\/fr\/wp-content\/uploads\/sites\/3\/2024\/05\/PGTA-iStock-1273016889.jpg","datePublished":"2023-12-12T14:25:01+00:00","dateModified":"2026-03-20T11:10:10+00:00","description":"Am\u00e9liorez votre FIV avec le test PGT: d\u00e9cisions \u00e9clair\u00e9es pour une grossesse saine. D\u00e9couvrez plus d\u00e8s aujourd'hui!","breadcrumb":{"@id":"https:\/\/www.procriar.pt\/fr\/traitements\/test-genetique-preimplantatoire-pgta\/#breadcrumb"},"inLanguage":"fr-FR","potentialAction":[{"@type":"ReadAction","target":["https:\/\/www.procriar.pt\/fr\/traitements\/test-genetique-preimplantatoire-pgta\/"]}]},{"@type":"ImageObject","inLanguage":"fr-FR","@id":"https:\/\/www.procriar.pt\/fr\/traitements\/test-genetique-preimplantatoire-pgta\/#primaryimage","url":"https:\/\/www.procriar.pt\/fr\/wp-content\/uploads\/sites\/3\/2024\/05\/PGTA-iStock-1273016889.jpg","contentUrl":"https:\/\/www.procriar.pt\/fr\/wp-content\/uploads\/sites\/3\/2024\/05\/PGTA-iStock-1273016889.jpg","width":1200,"height":798},{"@type":"BreadcrumbList","@id":"https:\/\/www.procriar.pt\/fr\/traitements\/test-genetique-preimplantatoire-pgta\/#breadcrumb","itemListElement":[{"@type":"ListItem","position":1,"name":"Home","item":"https:\/\/www.procriar.pt\/fr\/"},{"@type":"ListItem","position":2,"name":"D\u00e9couvrez nos traitements","item":"https:\/\/www.procriar.pt\/fr\/traitements\/"},{"@type":"ListItem","position":3,"name":"Test g\u00e9n\u00e9tique pr\u00e9implantatoire (PGTA)"}]},{"@type":"WebSite","@id":"https:\/\/www.procriar.pt\/fr\/#website","url":"https:\/\/www.procriar.pt\/fr\/","name":"Procriar FR","description":"","inLanguage":"fr-FR"}]}},"_links":{"self":[{"href":"https:\/\/www.procriar.pt\/fr\/wp-json\/wp\/v2\/pages\/297","targetHints":{"allow":["GET"]}}],"collection":[{"href":"https:\/\/www.procriar.pt\/fr\/wp-json\/wp\/v2\/pages"}],"about":[{"href":"https:\/\/www.procriar.pt\/fr\/wp-json\/wp\/v2\/types\/page"}],"author":[{"embeddable":true,"href":"https:\/\/www.procriar.pt\/fr\/wp-json\/wp\/v2\/users\/3"}],"replies":[{"embeddable":true,"href":"https:\/\/www.procriar.pt\/fr\/wp-json\/wp\/v2\/comments?post=297"}],"version-history":[{"count":0,"href":"https:\/\/www.procriar.pt\/fr\/wp-json\/wp\/v2\/pages\/297\/revisions"}],"up":[{"embeddable":true,"href":"https:\/\/www.procriar.pt\/fr\/wp-json\/wp\/v2\/pages\/300"}],"wp:featuredmedia":[{"embeddable":true,"href":"https:\/\/www.procriar.pt\/fr\/wp-json\/wp\/v2\/media\/1342"}],"wp:attachment":[{"href":"https:\/\/www.procriar.pt\/fr\/wp-json\/wp\/v2\/media?parent=297"}],"curies":[{"name":"wp","href":"https:\/\/api.w.org\/{rel}","templated":true}]}}

Test génétique préimplantatoire (PGTA)

<p><span style="font-weight: 400;">Le test génétique préimplantatoire (PGT-A) est une technique de pointe utilisée parallèlement à la fécondation in vitro (FIV) qui permet d&rsquo;évaluer la constitution chromosomique des embryons avant leur implantation.</span></p>

<p>Le test génétique préimplantatoire (PGT-A) est une technique de pointe utilisée parallèlement à la fécondation in vitro (FIV) qui permet d&rsquo;évaluer la constitution chromosomique des embryons avant leur implantation.</p>

<!-- This site is optimized with the Yoast SEO plugin v27.5 - https://yoast.com/product/yoast-seo-wordpress/ -->
<title>Test génétique préimplantatoire (PGTA) - Procriar</title>
<meta name="description" content="Améliorez votre FIV avec le test PGT: décisions éclairées pour une grossesse saine. Découvrez plus dès aujourd&#039;hui!" />
<meta name="robots" content="index, follow, max-snippet:-1, max-image-preview:large, max-video-preview:-1" />
<link rel="canonical" href="https://www.procriar.pt/fr/traitements/test-genetique-preimplantatoire-pgta/" />
<meta property="og:locale" content="fr_FR" />
<meta property="og:type" content="article" />
<meta property="og:title" content="Test génétique préimplantatoire (PGTA) - Procriar" />
<meta property="og:description" content="Améliorez votre FIV avec le test PGT: décisions éclairées pour une grossesse saine. Découvrez plus dès aujourd&#039;hui!" />
<meta property="og:url" content="https://www.procriar.pt/fr/traitements/test-genetique-preimplantatoire-pgta/" />
<meta property="og:site_name" content="Procriar FR" />
<meta property="article:modified_time" content="2026-03-20T11:10:10+00:00" />
<meta property="og:image" content="https://www.procriar.pt/fr/wp-content/uploads/sites/3/2024/05/PGTA-iStock-1273016889.jpg" />
	<meta property="og:image:width" content="1200" />
	<meta property="og:image:height" content="798" />
	<meta property="og:image:type" content="image/jpeg" />
<meta name="twitter:card" content="summary_large_image" />
<meta name="twitter:label1" content="Est. reading time" />
	<meta name="twitter:data1" content="1 minute" />
<script type="application/ld+json" class="yoast-schema-graph">{"@context":"https:\/\/schema.org","@graph":[{"@type":"WebPage","@id":"https:\/\/www.procriar.pt\/fr\/traitements\/test-genetique-preimplantatoire-pgta\/","url":"https:\/\/www.procriar.pt\/fr\/traitements\/test-genetique-preimplantatoire-pgta\/","name":"Test génétique préimplantatoire (PGTA) - Procriar","isPartOf":{"@id":"https:\/\/www.procriar.pt\/fr\/#website"},"primaryImageOfPage":{"@id":"https:\/\/www.procriar.pt\/fr\/traitements\/test-genetique-preimplantatoire-pgta\/#primaryimage"},"image":{"@id":"https:\/\/www.procriar.pt\/fr\/traitements\/test-genetique-preimplantatoire-pgta\/#primaryimage"},"thumbnailUrl":"https:\/\/www.procriar.pt\/fr\/wp-content\/uploads\/sites\/3\/2024\/05\/PGTA-iStock-1273016889.jpg","datePublished":"2023-12-12T14:25:01+00:00","dateModified":"2026-03-20T11:10:10+00:00","description":"Améliorez votre FIV avec le test PGT: décisions éclairées pour une grossesse saine. Découvrez plus dès aujourd'hui!","breadcrumb":{"@id":"https:\/\/www.procriar.pt\/fr\/traitements\/test-genetique-preimplantatoire-pgta\/#breadcrumb"},"inLanguage":"fr-FR","potentialAction":[{"@type":"ReadAction","target":["https:\/\/www.procriar.pt\/fr\/traitements\/test-genetique-preimplantatoire-pgta\/"]}]},{"@type":"ImageObject","inLanguage":"fr-FR","@id":"https:\/\/www.procriar.pt\/fr\/traitements\/test-genetique-preimplantatoire-pgta\/#primaryimage","url":"https:\/\/www.procriar.pt\/fr\/wp-content\/uploads\/sites\/3\/2024\/05\/PGTA-iStock-1273016889.jpg","contentUrl":"https:\/\/www.procriar.pt\/fr\/wp-content\/uploads\/sites\/3\/2024\/05\/PGTA-iStock-1273016889.jpg","width":1200,"height":798},{"@type":"BreadcrumbList","@id":"https:\/\/www.procriar.pt\/fr\/traitements\/test-genetique-preimplantatoire-pgta\/#breadcrumb","itemListElement":[{"@type":"ListItem","position":1,"name":"Home","item":"https:\/\/www.procriar.pt\/fr\/"},{"@type":"ListItem","position":2,"name":"Découvrez nos traitements","item":"https:\/\/www.procriar.pt\/fr\/traitements\/"},{"@type":"ListItem","position":3,"name":"Test génétique préimplantatoire (PGTA)"}]},{"@type":"WebSite","@id":"https:\/\/www.procriar.pt\/fr\/#website","url":"https:\/\/www.procriar.pt\/fr\/","name":"Procriar FR","description":"","inLanguage":"fr-FR"}]}</script>
<!-- / Yoast SEO plugin. -->

Test génétique préimplantatoire (PGTA) - Procriar

Améliorez votre FIV avec le test PGT: décisions éclairées pour une grossesse saine. Découvrez plus dès aujourd'hui!

Découvrez nos traitements
